{"id":17,"date":"2024-04-21T20:56:23","date_gmt":"2024-04-21T18:56:23","guid":{"rendered":"http:\/\/test.noteart.com\/doomekdach.pl\/?page_id=17"},"modified":"2024-04-22T16:26:09","modified_gmt":"2024-04-22T14:26:09","slug":"oferta","status":"publish","type":"page","link":"https:\/\/doomekdach.pl\/?page_id=17","title":{"rendered":"OFERTA"},"content":{"rendered":"\n<div class=\"wp-block-group is-vertical is-layout-flex wp-container-core-group-is-layout-9 wp-block-group-is-layout-flex\">\n<div class=\"wp-block-columns is-layout-flex wp-container-core-columns-is-layout-1 wp-block-columns-is-layout-flex\">\n<div class=\"wp-block-column is-layout-flow wp-block-column-is-layout-flow\">\n<div class=\"wp-block-group is-vertical is-content-justification-stretch is-layout-flex wp-container-core-group-is-layout-1 wp-block-group-is-layout-flex\">\n<figure class=\"wp-block-image size-full is-style-default\"><img loading=\"lazy\" decoding=\"async\" width=\"500\" height=\"375\" src=\"http:\/\/test.noteart.com\/doomekdach.pl\/wp-content\/uploads\/2024\/04\/Dachowka-ceramiczna-9-2.jpg\" alt=\"\" class=\"wp-image-524\" style=\"aspect-ratio:4\/3;object-fit:cover\" srcset=\"https:\/\/doomekdach.pl\/wp-content\/uploads\/2024\/04\/Dachowka-ceramiczna-9-2.jpg 500w, https:\/\/doomekdach.pl\/wp-content\/uploads\/2024\/04\/Dachowka-ceramiczna-9-2-300x225.jpg 300w\" sizes=\"auto, (max-width: 500px) 100vw, 500px\" \/><\/figure>\n\n\n\n<p class=\"has-text-align-center has-secondary-color has-foreground-background-color has-text-color has-background has-link-color has-small-font-size wp-elements-cb73062404af2847652c0b7136925564\" style=\"padding-top:8px;padding-bottom:8px\">Pokrycia dachowe<\/p>\n<\/div>\n<\/div>\n\n\n\n<div class=\"wp-block-column is-layout-flow wp-block-column-is-layout-flow\">\n<div class=\"wp-block-group is-vertical is-content-justification-stretch is-layout-flex wp-container-core-group-is-layout-2 wp-block-group-is-layout-flex\">\n<figure class=\"wp-block-image size-full is-style-default\"><img loading=\"lazy\" decoding=\"async\" width=\"500\" height=\"375\" src=\"http:\/\/test.noteart.com\/doomekdach.pl\/wp-content\/uploads\/2024\/04\/Podsufitki-1.jfif_.jpg\" alt=\"\" class=\"wp-image-459\" style=\"aspect-ratio:4\/3;object-fit:cover\" srcset=\"https:\/\/doomekdach.pl\/wp-content\/uploads\/2024\/04\/Podsufitki-1.jfif_.jpg 500w, https:\/\/doomekdach.pl\/wp-content\/uploads\/2024\/04\/Podsufitki-1.jfif_-300x225.jpg 300w\" sizes=\"auto, (max-width: 500px) 100vw, 500px\" \/><\/figure>\n\n\n\n<p class=\"has-text-align-center has-secondary-color has-foreground-background-color has-text-color has-background has-link-color has-small-font-size wp-elements-b6ec0ef03977bee717776841abb05ebc\" style=\"padding-top:8px;padding-bottom:8px\">Podsufitki<\/p>\n<\/div>\n<\/div>\n\n\n\n<div class=\"wp-block-column is-layout-flow wp-block-column-is-layout-flow\">\n<div class=\"wp-block-group is-vertical is-content-justification-stretch is-layout-flex wp-container-core-group-is-layout-3 wp-block-group-is-layout-flex\">\n<figure class=\"wp-block-image size-full is-style-default\"><img loading=\"lazy\" decoding=\"async\" width=\"500\" height=\"375\" src=\"http:\/\/test.noteart.com\/doomekdach.pl\/wp-content\/uploads\/2024\/04\/Gont-Bitumiczny-45.jpg\" alt=\"\" class=\"wp-image-441\" style=\"aspect-ratio:4\/3;object-fit:cover\" srcset=\"https:\/\/doomekdach.pl\/wp-content\/uploads\/2024\/04\/Gont-Bitumiczny-45.jpg 500w, https:\/\/doomekdach.pl\/wp-content\/uploads\/2024\/04\/Gont-Bitumiczny-45-300x225.jpg 300w\" sizes=\"auto, (max-width: 500px) 100vw, 500px\" \/><\/figure>\n\n\n\n<p class=\"has-text-align-center has-secondary-color has-foreground-background-color has-text-color has-background has-link-color has-small-font-size wp-elements-440c0d2f5bdbf61726e511bc2e52f5f2\" style=\"padding-top:8px;padding-bottom:8px\">Elewacje<\/p>\n<\/div>\n<\/div>\n<\/div>\n\n\n\n<div class=\"wp-block-columns is-layout-flex wp-container-core-columns-is-layout-2 wp-block-columns-is-layout-flex\">\n<div class=\"wp-block-column is-layout-flow wp-block-column-is-layout-flow\">\n<div class=\"wp-block-group is-vertical is-content-justification-stretch is-layout-flex wp-container-core-group-is-layout-4 wp-block-group-is-layout-flex\">\n<figure class=\"wp-block-image size-full is-style-default\"><img loading=\"lazy\" decoding=\"async\" width=\"500\" height=\"375\" src=\"http:\/\/test.noteart.com\/doomekdach.pl\/wp-content\/uploads\/2024\/04\/Gont-Bitumiczny-28.jpg\" alt=\"\" class=\"wp-image-424\" style=\"aspect-ratio:4\/3;object-fit:cover\" srcset=\"https:\/\/doomekdach.pl\/wp-content\/uploads\/2024\/04\/Gont-Bitumiczny-28.jpg 500w, https:\/\/doomekdach.pl\/wp-content\/uploads\/2024\/04\/Gont-Bitumiczny-28-300x225.jpg 300w\" sizes=\"auto, (max-width: 500px) 100vw, 500px\" \/><\/figure>\n\n\n\n<p class=\"has-text-align-center has-secondary-color has-foreground-background-color has-text-color has-background has-link-color has-small-font-size wp-elements-3c4818603d20b3c8a37f72f408bd01e4\" style=\"padding-top:8px;padding-bottom:8px\">Od\u015bnie\u017canie dach\u00f3w<\/p>\n<\/div>\n<\/div>\n\n\n\n<div class=\"wp-block-column is-layout-flow wp-block-column-is-layout-flow\">\n<div class=\"wp-block-group is-vertical is-content-justification-stretch is-layout-flex wp-container-core-group-is-layout-5 wp-block-group-is-layout-flex\">\n<figure class=\"wp-block-image size-full is-style-default\"><img loading=\"lazy\" decoding=\"async\" width=\"500\" height=\"375\" src=\"http:\/\/test.noteart.com\/doomekdach.pl\/wp-content\/uploads\/2024\/04\/Blacha-Doomek-37.jpg\" alt=\"\" class=\"wp-image-374\" style=\"aspect-ratio:4\/3;object-fit:cover\" srcset=\"https:\/\/doomekdach.pl\/wp-content\/uploads\/2024\/04\/Blacha-Doomek-37.jpg 500w, https:\/\/doomekdach.pl\/wp-content\/uploads\/2024\/04\/Blacha-Doomek-37-300x225.jpg 300w\" sizes=\"auto, (max-width: 500px) 100vw, 500px\" \/><\/figure>\n\n\n\n<p class=\"has-text-align-center has-secondary-color has-foreground-background-color has-text-color has-background has-link-color has-small-font-size wp-elements-26173f834b337624f699ae691a4b275f\" style=\"padding-top:8px;padding-bottom:8px\">Monta\u017c okien dachowych<\/p>\n<\/div>\n<\/div>\n\n\n\n<div class=\"wp-block-column is-layout-flow wp-block-column-is-layout-flow\">\n<div class=\"wp-block-group is-vertical is-content-justification-stretch is-layout-flex wp-container-core-group-is-layout-6 wp-block-group-is-layout-flex\">\n<figure class=\"wp-block-image size-full is-style-default\"><img loading=\"lazy\" decoding=\"async\" width=\"500\" height=\"281\" src=\"http:\/\/test.noteart.com\/doomekdach.pl\/wp-content\/uploads\/2024\/04\/Blacha-Doomek-10.jpg\" alt=\"\" class=\"wp-image-347\" style=\"aspect-ratio:4\/3;object-fit:cover\" srcset=\"https:\/\/doomekdach.pl\/wp-content\/uploads\/2024\/04\/Blacha-Doomek-10.jpg 500w, https:\/\/doomekdach.pl\/wp-content\/uploads\/2024\/04\/Blacha-Doomek-10-300x169.jpg 300w\" sizes=\"auto, (max-width: 500px) 100vw, 500px\" \/><\/figure>\n\n\n\n<p class=\"has-text-align-center has-secondary-color has-foreground-background-color has-text-color has-background has-link-color has-small-font-size wp-elements-127abc76da9add1f0a5e38596d564dba\" style=\"padding-top:8px;padding-bottom:8px\">Obr\u00f3bki blacharskie<\/p>\n<\/div>\n<\/div>\n<\/div>\n\n\n\n<div class=\"wp-block-columns is-layout-flex wp-container-core-columns-is-layout-3 wp-block-columns-is-layout-flex\">\n<div class=\"wp-block-column is-layout-flow wp-block-column-is-layout-flow\">\n<div class=\"wp-block-group is-vertical is-content-justification-stretch is-layout-flex wp-container-core-group-is-layout-7 wp-block-group-is-layout-flex\">\n<figure class=\"wp-block-image size-full is-style-default\"><img loading=\"lazy\" decoding=\"async\" width=\"500\" height=\"375\" src=\"http:\/\/test.noteart.com\/doomekdach.pl\/wp-content\/uploads\/2024\/04\/Gont-Bitumiczny-30.jpg\" alt=\"\" class=\"wp-image-426\" style=\"aspect-ratio:4\/3;object-fit:cover\" srcset=\"https:\/\/doomekdach.pl\/wp-content\/uploads\/2024\/04\/Gont-Bitumiczny-30.jpg 500w, https:\/\/doomekdach.pl\/wp-content\/uploads\/2024\/04\/Gont-Bitumiczny-30-300x225.jpg 300w\" sizes=\"auto, (max-width: 500px) 100vw, 500px\" \/><\/figure>\n\n\n\n<p class=\"has-text-align-center has-secondary-color has-foreground-background-color has-text-color has-background has-link-color has-small-font-size wp-elements-c179d6cbdf7db915c80cfbef23515df6\" style=\"padding-top:8px;padding-bottom:8px\">Usuwanie azbestu<\/p>\n<\/div>\n<\/div>\n\n\n\n<div class=\"wp-block-column is-layout-flow wp-block-column-is-layout-flow\">\n<div class=\"wp-block-group is-vertical is-content-justification-stretch is-layout-flex wp-container-core-group-is-layout-8 wp-block-group-is-layout-flex\">\n<figure class=\"wp-block-image size-full is-style-default\"><img loading=\"lazy\" decoding=\"async\" width=\"500\" height=\"375\" src=\"http:\/\/test.noteart.com\/doomekdach.pl\/wp-content\/uploads\/2024\/04\/Dachowka-ceramiczna-9-2.jpg\" alt=\"\" class=\"wp-image-524\" style=\"aspect-ratio:4\/3;object-fit:cover\" srcset=\"https:\/\/doomekdach.pl\/wp-content\/uploads\/2024\/04\/Dachowka-ceramiczna-9-2.jpg 500w, https:\/\/doomekdach.pl\/wp-content\/uploads\/2024\/04\/Dachowka-ceramiczna-9-2-300x225.jpg 300w\" sizes=\"auto, (max-width: 500px) 100vw, 500px\" \/><\/figure>\n\n\n\n<p class=\"has-text-align-center has-secondary-color has-foreground-background-color has-text-color has-background has-link-color has-small-font-size wp-elements-920b24a90fcf8f95f8a584f434375441\" style=\"padding-top:8px;padding-bottom:8px\">Monta\u017c rynien<\/p>\n<\/div>\n<\/div>\n<\/div>\n<\/div>\n","protected":false},"excerpt":{"rendered":"<p>Pokrycia dachowe Podsufitki Elewacje Od\u015bnie\u017canie dach\u00f3w Monta\u017c okien dachowych Obr\u00f3bki blacharskie Usuwanie azbestu Monta\u017c rynien<\/p>\n","protected":false},"author":2,"featured_media":0,"parent":0,"menu_order":2,"comment_status":"closed","ping_status":"closed","template":"","meta":{"footnotes":""},"class_list":["post-17","page","type-page","status-publish","hentry"],"_links":{"self":[{"href":"https:\/\/doomekdach.pl\/index.php?rest_route=\/wp\/v2\/pages\/17","targetHints":{"allow":["GET"]}}],"collection":[{"href":"https:\/\/doomekdach.pl\/index.php?rest_route=\/wp\/v2\/pages"}],"about":[{"href":"https:\/\/doomekdach.pl\/index.php?rest_route=\/wp\/v2\/types\/page"}],"author":[{"embeddable":true,"href":"https:\/\/doomekdach.pl\/index.php?rest_route=\/wp\/v2\/users\/2"}],"replies":[{"embeddable":true,"href":"https:\/\/doomekdach.pl\/index.php?rest_route=%2Fwp%2Fv2%2Fcomments&post=17"}],"version-history":[{"count":7,"href":"https:\/\/doomekdach.pl\/index.php?rest_route=\/wp\/v2\/pages\/17\/revisions"}],"predecessor-version":[{"id":528,"href":"https:\/\/doomekdach.pl\/index.php?rest_route=\/wp\/v2\/pages\/17\/revisions\/528"}],"wp:attachment":[{"href":"https:\/\/doomekdach.pl\/index.php?rest_route=%2Fwp%2Fv2%2Fmedia&parent=17"}],"curies":[{"name":"wp","href":"https:\/\/api.w.org\/{rel}","templated":true}]}}

<div class="wp-block-group is-vertical is-layout-flex wp-container-core-group-is-layout-9 wp-block-group-is-layout-flex">
<div class="wp-block-columns is-layout-flex wp-container-core-columns-is-layout-1 wp-block-columns-is-layout-flex">
<div class="wp-block-column is-layout-flow wp-block-column-is-layout-flow">
<div class="wp-block-group is-vertical is-content-justification-stretch is-layout-flex wp-container-core-group-is-layout-1 wp-block-group-is-layout-flex">
<figure class="wp-block-image size-full is-style-default"><img loading="lazy" decoding="async" width="500" height="375" src="http://test.noteart.com/doomekdach.pl/wp-content/uploads/2024/04/Dachowka-ceramiczna-9-2.jpg" alt="" class="wp-image-524" style="aspect-ratio:4/3;object-fit:cover" srcset="https://doomekdach.pl/wp-content/uploads/2024/04/Dachowka-ceramiczna-9-2.jpg 500w, https://doomekdach.pl/wp-content/uploads/2024/04/Dachowka-ceramiczna-9-2-300x225.jpg 300w" sizes="auto, (max-width: 500px) 100vw, 500px" /></figure>



<p class="has-text-align-center has-secondary-color has-foreground-background-color has-text-color has-background has-link-color has-small-font-size wp-elements-cb73062404af2847652c0b7136925564" style="padding-top:8px;padding-bottom:8px">Pokrycia dachowe</p>
</div>
</div>



<div class="wp-block-column is-layout-flow wp-block-column-is-layout-flow">
<div class="wp-block-group is-vertical is-content-justification-stretch is-layout-flex wp-container-core-group-is-layout-2 wp-block-group-is-layout-flex">
<figure class="wp-block-image size-full is-style-default"><img loading="lazy" decoding="async" width="500" height="375" src="http://test.noteart.com/doomekdach.pl/wp-content/uploads/2024/04/Podsufitki-1.jfif_.jpg" alt="" class="wp-image-459" style="aspect-ratio:4/3;object-fit:cover" srcset="https://doomekdach.pl/wp-content/uploads/2024/04/Podsufitki-1.jfif_.jpg 500w, https://doomekdach.pl/wp-content/uploads/2024/04/Podsufitki-1.jfif_-300x225.jpg 300w" sizes="auto, (max-width: 500px) 100vw, 500px" /></figure>



<p class="has-text-align-center has-secondary-color has-foreground-background-color has-text-color has-background has-link-color has-small-font-size wp-elements-b6ec0ef03977bee717776841abb05ebc" style="padding-top:8px;padding-bottom:8px">Podsufitki</p>
</div>
</div>



<div class="wp-block-column is-layout-flow wp-block-column-is-layout-flow">
<div class="wp-block-group is-vertical is-content-justification-stretch is-layout-flex wp-container-core-group-is-layout-3 wp-block-group-is-layout-flex">
<figure class="wp-block-image size-full is-style-default"><img loading="lazy" decoding="async" width="500" height="375" src="http://test.noteart.com/doomekdach.pl/wp-content/uploads/2024/04/Gont-Bitumiczny-45.jpg" alt="" class="wp-image-441" style="aspect-ratio:4/3;object-fit:cover" srcset="https://doomekdach.pl/wp-content/uploads/2024/04/Gont-Bitumiczny-45.jpg 500w, https://doomekdach.pl/wp-content/uploads/2024/04/Gont-Bitumiczny-45-300x225.jpg 300w" sizes="auto, (max-width: 500px) 100vw, 500px" /></figure>



<p class="has-text-align-center has-secondary-color has-foreground-background-color has-text-color has-background has-link-color has-small-font-size wp-elements-440c0d2f5bdbf61726e511bc2e52f5f2" style="padding-top:8px;padding-bottom:8px">Elewacje</p>
</div>
</div>
</div>



<div class="wp-block-columns is-layout-flex wp-container-core-columns-is-layout-2 wp-block-columns-is-layout-flex">
<div class="wp-block-column is-layout-flow wp-block-column-is-layout-flow">
<div class="wp-block-group is-vertical is-content-justification-stretch is-layout-flex wp-container-core-group-is-layout-4 wp-block-group-is-layout-flex">
<figure class="wp-block-image size-full is-style-default"><img loading="lazy" decoding="async" width="500" height="375" src="http://test.noteart.com/doomekdach.pl/wp-content/uploads/2024/04/Gont-Bitumiczny-28.jpg" alt="" class="wp-image-424" style="aspect-ratio:4/3;object-fit:cover" srcset="https://doomekdach.pl/wp-content/uploads/2024/04/Gont-Bitumiczny-28.jpg 500w, https://doomekdach.pl/wp-content/uploads/2024/04/Gont-Bitumiczny-28-300x225.jpg 300w" sizes="auto, (max-width: 500px) 100vw, 500px" /></figure>



<p class="has-text-align-center has-secondary-color has-foreground-background-color has-text-color has-background has-link-color has-small-font-size wp-elements-3c4818603d20b3c8a37f72f408bd01e4" style="padding-top:8px;padding-bottom:8px">Odśnieżanie dachów</p>
</div>
</div>



<div class="wp-block-column is-layout-flow wp-block-column-is-layout-flow">
<div class="wp-block-group is-vertical is-content-justification-stretch is-layout-flex wp-container-core-group-is-layout-5 wp-block-group-is-layout-flex">
<figure class="wp-block-image size-full is-style-default"><img loading="lazy" decoding="async" width="500" height="375" src="http://test.noteart.com/doomekdach.pl/wp-content/uploads/2024/04/Blacha-Doomek-37.jpg" alt="" class="wp-image-374" style="aspect-ratio:4/3;object-fit:cover" srcset="https://doomekdach.pl/wp-content/uploads/2024/04/Blacha-Doomek-37.jpg 500w, https://doomekdach.pl/wp-content/uploads/2024/04/Blacha-Doomek-37-300x225.jpg 300w" sizes="auto, (max-width: 500px) 100vw, 500px" /></figure>



<p class="has-text-align-center has-secondary-color has-foreground-background-color has-text-color has-background has-link-color has-small-font-size wp-elements-26173f834b337624f699ae691a4b275f" style="padding-top:8px;padding-bottom:8px">Montaż okien dachowych</p>
</div>
</div>



<div class="wp-block-column is-layout-flow wp-block-column-is-layout-flow">
<div class="wp-block-group is-vertical is-content-justification-stretch is-layout-flex wp-container-core-group-is-layout-6 wp-block-group-is-layout-flex">
<figure class="wp-block-image size-full is-style-default"><img loading="lazy" decoding="async" width="500" height="281" src="http://test.noteart.com/doomekdach.pl/wp-content/uploads/2024/04/Blacha-Doomek-10.jpg" alt="" class="wp-image-347" style="aspect-ratio:4/3;object-fit:cover" srcset="https://doomekdach.pl/wp-content/uploads/2024/04/Blacha-Doomek-10.jpg 500w, https://doomekdach.pl/wp-content/uploads/2024/04/Blacha-Doomek-10-300x169.jpg 300w" sizes="auto, (max-width: 500px) 100vw, 500px" /></figure>



<p class="has-text-align-center has-secondary-color has-foreground-background-color has-text-color has-background has-link-color has-small-font-size wp-elements-127abc76da9add1f0a5e38596d564dba" style="padding-top:8px;padding-bottom:8px">Obróbki blacharskie</p>
</div>
</div>
</div>



<div class="wp-block-columns is-layout-flex wp-container-core-columns-is-layout-3 wp-block-columns-is-layout-flex">
<div class="wp-block-column is-layout-flow wp-block-column-is-layout-flow">
<div class="wp-block-group is-vertical is-content-justification-stretch is-layout-flex wp-container-core-group-is-layout-7 wp-block-group-is-layout-flex">
<figure class="wp-block-image size-full is-style-default"><img loading="lazy" decoding="async" width="500" height="375" src="http://test.noteart.com/doomekdach.pl/wp-content/uploads/2024/04/Gont-Bitumiczny-30.jpg" alt="" class="wp-image-426" style="aspect-ratio:4/3;object-fit:cover" srcset="https://doomekdach.pl/wp-content/uploads/2024/04/Gont-Bitumiczny-30.jpg 500w, https://doomekdach.pl/wp-content/uploads/2024/04/Gont-Bitumiczny-30-300x225.jpg 300w" sizes="auto, (max-width: 500px) 100vw, 500px" /></figure>



<p class="has-text-align-center has-secondary-color has-foreground-background-color has-text-color has-background has-link-color has-small-font-size wp-elements-c179d6cbdf7db915c80cfbef23515df6" style="padding-top:8px;padding-bottom:8px">Usuwanie azbestu</p>
</div>
</div>



<div class="wp-block-column is-layout-flow wp-block-column-is-layout-flow">
<div class="wp-block-group is-vertical is-content-justification-stretch is-layout-flex wp-container-core-group-is-layout-8 wp-block-group-is-layout-flex">
<figure class="wp-block-image size-full is-style-default"><img loading="lazy" decoding="async" width="500" height="375" src="http://test.noteart.com/doomekdach.pl/wp-content/uploads/2024/04/Dachowka-ceramiczna-9-2.jpg" alt="" class="wp-image-524" style="aspect-ratio:4/3;object-fit:cover" srcset="https://doomekdach.pl/wp-content/uploads/2024/04/Dachowka-ceramiczna-9-2.jpg 500w, https://doomekdach.pl/wp-content/uploads/2024/04/Dachowka-ceramiczna-9-2-300x225.jpg 300w" sizes="auto, (max-width: 500px) 100vw, 500px" /></figure>



<p class="has-text-align-center has-secondary-color has-foreground-background-color has-text-color has-background has-link-color has-small-font-size wp-elements-920b24a90fcf8f95f8a584f434375441" style="padding-top:8px;padding-bottom:8px">Montaż rynien</p>
</div>
</div>
</div>
</div>

<p>Pokrycia dachowe Podsufitki Elewacje Odśnieżanie dachów Montaż okien dachowych Obróbki blacharskie Usuwanie azbestu Montaż rynien</p>
